9861
List the prime factors of 1859477873.
11, 47, 151, 23819
List the prime factors of 82567314.
2, 3, 59, 77747
List the prime factors of 341577431.
13, 347, 75721
What are the prime factors of 115361637?
3, 38453879
What are the prime factors of 575816674?
2, 71, 139, 29173
List the prime factors of 31932445.
5, 19, 43, 7817
List the prime factors of 30698924.
2, 7674731
List the prime factors of 529002108.
2, 3, 29, 47, 10781
List the prime factors of 4379312609.
7, 625616087
List the prime factors of 1103092614.
2, 3, 13, 19, 191, 433
What are the prime factors of 450353398?
2, 11, 1289, 15881
List the prime factors of 212199734.
2, 6793, 15619
What are the prime factors of 502980?
2, 3, 5, 83, 101
List the prime factors of 13270341.
3, 7, 19, 79, 421
What are the prime factors of 8996145?
3, 5, 17, 35279
List the prime factors of 47707365.
3, 5, 3180491
List the prime factors of 64954796.
2, 31, 523829
List the prime factors of 3261729151.
29, 112473419
What are the prime factors of 92979823?
23, 4042601
What are the prime factors of 81778768?
2, 1789, 2857
List the prime factors of 215756645.
5, 13, 3319333
What are the prime factors of 1355121116?
2, 19, 131, 136111
What are the prime factors of 966633240?
2, 3, 5, 1627, 4951
What are the prime factors of 402115569?
3, 17, 829, 9511
What are the prime factors of 5458571468?
2, 7, 194948981
What are the prime factors of 620406326?
2, 310203163
What are the prime factors of 762976769?
23, 1627, 20389
What are the prime factors of 57829356?
2, 3, 13, 41189
List the prime factors of 121568471.
121568471
List the prime factors of 615118306.
2, 11, 31, 59, 15287
List the prime factors of 131681099.
11, 17, 704177
List the prime factors of 659940325.
5, 11, 37, 79, 821
List the prime factors of 134061629.
13, 59, 277, 631
What are the prime factors of 4933586220?
2, 3, 5, 227, 359, 1009
What are the prime factors of 9853897?
17, 579641
List the prime factors of 62808984.
2, 3, 7, 19, 937
List the prime factors of 26152865.
5, 5230573
List the prime factors of 491245617.
3, 17, 9632267
What are the prime factors of 3372834089?
2617, 1288817
List the prime factors of 463697863.
103, 4501921
What are the prime factors of 4296505711?
4296505711
What are the prime factors of 14233634?
2, 2539, 2803
List the prime factors of 73776781.
13, 436549
What are the prime factors of 3456135222?
2, 3, 179, 3218003
List the prime factors of 1464191590.
2, 5, 41, 3571199
What are the prime factors of 96399655?
5, 11, 1752721
What are the prime factors of 3840022202?
2, 179, 10726319
List the prime factors of 5140711075.
5, 205628443
What are the prime factors of 348111008?
2, 7, 19, 263, 311
What are the prime factors of 1024649490?
2, 3, 5, 34154983
What are the prime factors of 103262576?
2, 293, 22027
List the prime factors of 268183066.
2, 134091533
What are the prime factors of 479849771?
43, 11159297
List the prime factors of 95888464.
2, 7, 856147
List the prime factors of 908696714.
2, 673, 675109
What are the prime factors of 4129662?
2, 3, 688277
What are the prime factors of 156714291?
3, 199, 29167
What are the prime factors of 78917074?
2, 2357, 16741
What are the prime factors of 7369148219?
17, 283, 1531729
What are the prime factors of 472220468?
2, 47, 2511811
List the prime factors of 3582265762.
2, 1877, 954253
What are the prime factors of 832502652?
2, 3, 29, 2392249
List the prime factors of 721935419.
19, 53, 716917
What are the prime factors of 92946120?
2, 3, 5, 774551
List the prime factors of 1036387438.
2, 61, 8494979
What are the prime factors of 5471708936?
2, 101, 6771917
What are the prime factors of 662720848?
2, 2311, 17923
List the prime factors of 74956540.
2, 5, 23, 47, 3467
List the prime factors of 12926199.
3, 11, 13, 29, 1039
What are the prime factors of 6785894242?
2, 43, 78905747
What are the prime factors of 393214261?
11, 31, 53, 21757
What are the prime factors of 2637434268?
2, 3, 7, 97, 107897
List the prime factors of 5762166290.
2, 5, 19, 30327191
List the prime factors of 1427384255.
5, 11, 23, 419, 2693
List the prime factors of 481933275.
3, 5, 83, 77419
List the prime factors of 1572899397.
3, 139, 499, 7559
What are the prime factors of 144500935?
5, 17, 1231, 1381
List the prime factors of 199355864.
2, 24919483
List the prime factors of 21708606.
2, 3, 3618101
What are the prime factors of 1301240151?
3, 397, 364187
What are the prime factors of 1873213?
17, 251, 439
List the prime factors of 402053197.
7, 13, 2011
List the prime factors of 1935989350.
2, 5, 23, 1683469
List the prime factors of 88635706.
2, 1627, 27239
What are the prime factors of 126419577?
3, 173, 243583
List the prime factors of 477433456.
2, 29839591
List the prime factors of 401100527.
401100527
List the prime factors of 76394105.
5, 15278821
What are the prime factors of 32630367?
3, 7, 11, 141257
What are the prime factors of 26808035?
5, 29, 293, 631
What are the prime factors of 98595109?
547, 180247
What are the prime factors of 43066372?
2, 17, 37, 17117
What are the prime factors of 277566448?
2, 241, 71983
What are the prime factors of 50083613?
71, 705403
List the prime factors of 51358798.
2, 293, 87643
List the prime factors of 304607318.
2, 157, 970087
List the prime factors of 51861710.
2, 5, 163, 31817
List the prime factors of 6820800409.
37, 184345957
List the prime factors of 671111131.
671111131
What are the prime factors of 220621397?
349, 632153
List the prime factors of 2340844.
2, 11, 53201
What are the prime factors of 457030517?
29, 67, 8111
List the prime factors of 3940228662.
2, 3, 656704777
List the prime factors of 695273247.
3, 317, 81233
List the prime factors of 519373192.
2, 13, 997, 5009
What are the prime factors of 691133870?
2, 5, 7, 79, 124979
List the prime factors of 56890949.
56890949
List the prime factors of 231299503.
83, 2786741
List the prime factors of 784867394.
2, 392433697
What are the prime factors of 647916812?
2, 161979203
List the prime factors of 54117164.
2, 13529291
List the prime factors of 141724361.
197, 719413
What are the prime factors of 57828142?
2, 47, 59, 10427
What are the prime factors of 169391009?
17, 9964177
List the prime factors of 42812085.
3, 5, 23, 31, 4003
List the prime factors of 3052358999.
43, 67, 1059479
What are the prime factors of 857263319?
11, 1217, 64037
What are the prime factors of 44574450?
2, 3, 5, 29, 10247
List the prime factors of 67817042.
2, 19, 1784659
What are the prime factors of 222990547?
13, 17, 1009007
List the prime factors of 795809382.
2, 3, 132634897
What are the prime factors of 466750836?
2, 3, 1440589
List the prime factors of 1247923698.
2, 3, 7, 29712469
What are the prime factors of 1002066296?
2, 7, 11, 251, 6481
List the prime factors of 181996929.
3, 97, 69491
List the prime factors of 95547212.
2, 101, 236503
What are the prime factors of 1402945236?
2, 3, 7, 11, 506113
List the prime factors of 74073213.
3, 8230357
List the prime factors of 291935055.
3, 5, 107, 181891
List the prime factors of 66865300.
2, 5, 29, 23057
List the prime factors of 33205040.
2, 5, 11, 97, 389
List the prime factors of 16162871.
173, 93427
What are the prime factors of 384923533?
384923533
What are the prime factors of 745403767?
127, 1327, 4423
What are the prime factors of 357431840?
2, 5, 37, 173, 349
List the prime factors of 2174795893.
19183, 113371
List the prime factors of 24580507.
7, 311, 1613
List the prime factors of 48071235.
3, 5, 19, 31, 5441
What are the prime factors of 777397298?
2, 61, 173, 36833
What are the prime factors of 67176019?
43, 47, 773
What are the prime factors of 4506862924?
2, 683, 1649657
What are the prime factors of 311574226?
2, 89, 461, 3797
What are the prime factors of 1456956949?
7, 8263, 25189
What are the prime factors of 928073746?
2, 113, 4106521
What are the prime factors of 115605609?
3, 7, 41, 134269
What are the prime factors of 93611341?
93611341
List the prime factors of 101984531.
11, 157, 59053
What are the prime factors of 1720912032?
2, 3, 7, 37, 23071
List the prime factors of 76711868.
2, 97, 197711
List the prime factors of 584068737.
3, 7, 31, 257, 3491
What are the prime factors of 4665204137?
11, 10831, 39157
What ar